{"id":3,"date":"2022-01-18T21:23:23","date_gmt":"2022-01-18T21:23:23","guid":{"rendered":"http:\/\/medicatequila.com\/?page_id=3"},"modified":"2022-01-24T05:08:49","modified_gmt":"2022-01-24T05:08:49","slug":"privacy-policy","status":"publish","type":"page","link":"https:\/\/medicatequila.com\/?page_id=3","title":{"rendered":"Aviso de privacidad"},"content":{"rendered":"<div class=\"fl-builder-content fl-builder-content-3\" data-post-id=\"3\"><div class=\"fl-row fl-row-fixed-width fl-row-bg-none fl-node-dy0hugr3n5t1\" data-node=\"dy0hugr3n5t1\">\n\t<div class=\"fl-row-content-wrap\">\n\t\t\t\t\t\t<div class=\"fl-row-content fl-row-fixed-width fl-node-content\">\n\t\t\n<div class=\"fl-col-group fl-node-l2nrwap671dy\" data-node=\"l2nrwap671dy\">\n\t\t\t<div class=\"fl-col fl-node-bhm7gqpt2kyl\" data-node=\"bhm7gqpt2kyl\">\n\t<div class=\"fl-col-content fl-node-content\">\n\t<div class=\"fl-module fl-module-rich-text fl-node-ibv98x4y0fmg\" data-node=\"ibv98x4y0fmg\">\n\t<div class=\"fl-module-content fl-node-content\">\n\t\t<div class=\"fl-rich-text\">\n\t<h2>Leer aviso<\/h2>\n<p><strong class=\"privacy-policy-tutorial\">Suggested text: <\/strong>When visitors leave comments on the site we collect the data shown in the comments form, and also the visitor\u2019s IP address and browser user agent string to help spam detection.<\/p>\n<p><strong>AVISO DE PRIVACIDAD.<\/strong><\/p>\n<p>RESPONSABLE DEL TRATAMIENTO DE DATOS PERSONALES<\/p>\n<p>GRUPO MEDICA TEQUILA, S.A. DE C.V. , con domicilio en Carretera Internacional 543, Col. Tequila centro, C .P. 46400 Tequila, Jalisco, es responsable del tratamiento de sus datos personales conforme a este Aviso de Privacidad.<\/p>\n<p>DATOS QUE SE RECABAN<\/p>\n<p>Los datos personales de contacto y\/o de identificaci\u00f3n que tratar\u00e1 Grupo Medica Tequila SA de CV son nombre, edad, sexo, correo electr\u00f3nico, tel\u00e9fono (m\u00f3vil y\/o fijo) y registro federal de contribuyentes.<\/p>\n<p>DATOS SENSIBLES Grupo Medica Tequila recabar\u00e1 y tratar\u00e1 datos sensibles, relacionados con el estado de salud, antecedentes e historial cl\u00ednico e informaci\u00f3n sobre el modo de vida, necesarios o convenientes para las finalidades arriba se\u00f1alados. Los datos personales sensibles ser\u00e1n mantenidos y tratados con estricta seguridad y confidencialidad para fines relacionados con la prestaci\u00f3n de servicios de salud y conforme a este Aviso de Privacidad.<\/p>\n<p>FINALIDAD DEL TRATAMIENTO DE LOS DATOS PERSONALES<\/p>\n<p>Los Datos Personales en posesi\u00f3n de Grupo Medica Tequila ser\u00e1n utilizados para las siguientes finalidades:<\/p>\n<p>a) Finalidades necesarias para el mantenimiento de la relaci\u00f3n con el titular de los datos: - Prestaci\u00f3n de servicios m\u00e9dico-hospitalarios, atenci\u00f3n de enfermer\u00eda, servicios farmac\u00e9uticos, an\u00e1lisis de laboratorio radiolog\u00eda e imagen, estudios y an\u00e1lisis patol\u00f3gicos, terapia, rehabilitaci\u00f3n, dieta y nutrici\u00f3n . - Creaci\u00f3n, estudio, an\u00e1lisis, actualizaci\u00f3n y mantenimiento de archivo cl\u00ednico. - Facturaci\u00f3n y cobranza por servicios. - Mantenimiento de registros para seguimiento a servicios<\/p>\n<p>b) Finalidades distintas: - Estudios, registros, estad\u00edsticas y an\u00e1lisis de informaci\u00f3n de salud. - Mantenimiento de registros para prestaci\u00f3n de servicios en el futuro. An\u00e1lisis estad\u00edsticos y de mercado.<\/p>\n<p>En caso de que los titulares no deseen que Grupo Medica Tequila&nbsp; d\u00e9 tratamiento a sus datos personales para las finalidades previstas en el inciso b) anterior, tendr\u00e1n un plazo de 5 (cinco) d\u00edas para manifestar su negativa dirigiendo una comunicaci\u00f3n al Departamento de Datos Personales de Hospitales \u00c1ngeles enviando un correo electr\u00f3nico a la siguiente direcci\u00f3n: <a href=\"mailto:datospersonales@saludangeles.com\">atencion<\/a>.cliente@medicatequila.com.<\/p>\n<p>TRANSFERENCIA<\/p>\n<p>Para la prestaci\u00f3n de servicios m\u00e9dico-hospitalarios, hospitalizaci\u00f3n, cirug\u00eda, atenci\u00f3n de enfermer\u00eda, servicios farmac\u00e9uticos, an\u00e1lisis de laboratorio radiolog\u00eda e imagen, estudios y an\u00e1lisis patol\u00f3gicos, terapia, rehabilitaci\u00f3n, dieta y nutrici\u00f3n, creaci\u00f3n, estudio, an\u00e1lisis, actualizaci\u00f3n y mantenimiento de archivos cl\u00ednicos, Grupo Medica Tequila SA de CV puede transferir los datos personales en su posesi\u00f3n a terceros subcontratados para los fines se\u00f1alados en este Aviso de Privacidad. Los terceros a los que se transferir\u00e1n dichos datos son laboratorios, cl\u00ednicas, hospitales, centros de investigaci\u00f3n, aseguradoras, as\u00ed como a cualquier empresa del mismo grupo corporativo, o en su caso autoridades competentes. En caso de que los titulares no deseen que Grupo Medica Tequila SA de CV transfiera sus datos personales, tendr\u00e1n un plazo de 5 (cinco) d\u00edas para manifestar su negativa dirigiendo una comunicaci\u00f3n al Grupo Medica Tequila SA de CV enviando un correo electr\u00f3nico a la siguiente direcci\u00f3n: <a href=\"mailto:datospersonales@saludangeles.com\">atencion<\/a>.cliente@medicatequila.com.<\/p>\n<p>LIMITACI\u00d3N DE USO Y DIVULGACI\u00d3N DE DATOS PERSONALES<\/p>\n<p>Los titulares podr\u00e1n limitar el uso de sus datos personales, a trav\u00e9s de un correo electr\u00f3nico a <a href=\"mailto:datospersonales@saludangeles.com\">atencion<\/a>.cliente@medicatequila.com&nbsp; o notificaci\u00f3n por escrito a &nbsp;Carretera Internacional 543, Col. Tequila centro, C .P. 46400 Tequila, Jalisco en la que se se\u00f1ale la limitaci\u00f3n al uso de los datos deseada.<\/p>\n<p>SOLICITUD DE ACCESO, RECTIFICACI\u00d3N, CANCELACI\u00d3N U OPOSICI\u00d3N DE DATOS PERSONALES Y REVOCACI\u00d3N DEL CONSENTIMIENTO (SOLICITUD ARCO)<\/p>\n<p>Todos los datos personales son tratados de conformidad con la legislaci\u00f3n aplicable y vigente, por ello los titulares de datos personales tienen en todo momento el derecho a acceder a los datos personales que posee Grupo Medica Tequila SA de CV &nbsp;y a los detalles del tratamiento de los mismos, as\u00ed como a rectificarlos en caso de ser inexactos o incompletos; cancelarlos cuando resulten ser excesivos o innecesarios para las finalidades que justificaron su obtenci\u00f3n; y oponerse a su tratamiento.<\/p>\n<p>MEDIOS PARA EJERCER DERECHOS ARCO (ACCESO, RECTIFICACI\u00d3N, CANCELACI\u00d3N Y OPOSICI\u00d3N)<\/p>\n<p>Para dar inicio a una Solicitud ARCO, el titular de los datos personales deber\u00e1 presentar una solicitud por escrito dirigida a &nbsp;Grupo Medica Tequila SA de CV a trav\u00e9s de un correo electr\u00f3nico a <a href=\"mailto:datospersonales@saludangeles.com\">atencion<\/a>.cliente@medicatequila.com&nbsp; o notificaci\u00f3n por escrito a&nbsp; Carretera Internacional 543, Col. Tequila centro, C .P. 46400 Tequila, Jalisco que contenga la siguiente informaci\u00f3n:<\/p>\n<p>\u00b7 Nombre del titular<\/p>\n<p>\u00b7 Domicilio del titular o direcci\u00f3n de correo electr\u00f3nico para comunicar respuesta a solicitud<\/p>\n<p>\u00b7 Documentos que acrediten identidad o autorizaci\u00f3n para representarlo en la solicitud.<\/p>\n<p>\u00b7 Descripci\u00f3n de datos personales sobre los que se pretende ejercer alg\u00fan derecho ARCO<\/p>\n<p>\u00b7 Fecha de atenci\u00f3n y nombre del Hospital \u00c1ngeles en el cual recibi\u00f3 los servicios<\/p>\n<p>\u00b7 Cualquier otro elemento que permita la localizaci\u00f3n de los datos personales y atenci\u00f3n a la solicitud<\/p>\n<p>MEDIOS PARA REVOCAR CONSENTIMIENTO<\/p>\n<p>En cualquier momento los titulares pueden solicitar la revocaci\u00f3n del consentimiento otorgado a Grupo Medica Tequila SA de CV para tratar sus datos personales enviando una solicitud por escrito dirigida a Grupo Medica Tequila SA de CV&nbsp; a <a href=\"mailto:datospersonales@saludangeles.com\">atencion<\/a>.cliente@medicatequila.com&nbsp; o notificaci\u00f3n por escrito a&nbsp; Carretera Internacional 543, Col. Tequila centro, C .P. 46400 Tequila, Jalisco en la que se detalle claramente los datos respecto de los que revoca su consentimiento.<\/p>\n<p>OPCIONES Y MEDIOS QUE GRUPO MEDICA TEQUILA OFRECE PARA LIMITAR EL USO O DIVULGACI\u00d3N DE LOS DATOS PERSONALES<\/p>\n<p>&nbsp;Los titulares de los datos personales tienen la posibilidad de limitar el uso o divulgaci\u00f3n de sus datos personales enviando una solicitud al siguiente correo electr\u00f3nico: <a href=\"mailto:datospersonales@saludangeles.com\">atencion<\/a>.cliente@medicatequila.com&nbsp; o notificaci\u00f3n por escrito a&nbsp; Carretera Internacional 543, Col. Tequila centro, C .P. 46400 Tequila, Jalisco&nbsp; se\u00f1alando la limitaci\u00f3n deseada al uso de sus datos personales.<\/p>\n<p>MEDIDAS PARA PROTEGER LOS DATOS PERSONALES<\/p>\n<p>Para prevenir el acceso no autorizado a los datos personales y con el fin de asegurar que la informaci\u00f3n sea utilizada para los fines establecidos en este Aviso de Privacidad, Grupo Medica Tequila SA de CV ha establecido procedimientos f\u00edsicos, electr\u00f3nicos y administrativos para evitar el uso o la revelaci\u00f3n de los datos personales, permiti\u00e9ndole a Grupo Medica Tequila SA de CV&nbsp; tratarlos de forma adecuada. Estos procedimientos son evaluados y revisados constantemente buscando controlar el uso y divulgaci\u00f3n de los datos.<\/p>\n<p>INFORMACI\u00d3N OBTENIDA POR MEDIOS REMOTOS O LOCALES DE COMUNICACI\u00d3N ELECTR\u00d3NICA U \u00d3PTICA<\/p>\n<p>Grupo Medica Tequila SA de CV recaba y almacena informaci\u00f3n a trav\u00e9s de ingreso a su sitio Web, informaci\u00f3n sobre la direcci\u00f3n IP\/nombre de dominio del visitante, sitios Web que hagan referencia a su sitio, comportamiento y el tiempo de estad\u00eda en el sitio Web, las p\u00e1ginas navegadas, herramientas utilizadas, c\u00f3digo postal, tipo de navegador y sistema operativo entre otros. Dicha informaci\u00f3n se obtiene y almacena con el fin de medir la actividad del sitio e identificar tendencias sobre navegaci\u00f3n que no son atribuibles a un individuo en espec\u00edfico. La informaci\u00f3n anteriormente se\u00f1alada se recopila a trav\u00e9s de las \u201ccookies\u201d, as\u00ed como otros medios y mecanismos tecnol\u00f3gicos, tales como las etiquetas de pixel, los web bugs, enlaces en correos electr\u00f3nicos, (etiquetas de Internet, etiquetas de pixel y clear GIFs) entre otros. La mayor\u00eda de los exploradores le permitir\u00e1n eliminar el uso de cookies, bloquear la aceptaci\u00f3n de las cookies o recibir una advertencia antes de almacenar cookies. Le sugerimos consultar las instrucciones de su explorador para utilizar las \u201ccookies\u201d.<\/p>\n<p>NOTIFICACI\u00d3N DE CAMBIOS AL AVISO DE PRIVACIDAD<\/p>\n<p>El presente Aviso de Privacidad podr\u00e1 ser modificado en cualquier momento para cumplir con actualizaciones legislativas, jurisprudenciales, pol\u00edticas internas, nuevos requisitos para la prestaci\u00f3n de servicios de Grupo Medica Tequila SA de CV&nbsp; o cualquier otra causa a entera discreci\u00f3n de Grupo Medica Tequila SA de CV. En tal caso, las modificaciones estar\u00e1n disponibles en nuestra p\u00e1gina de Internet http:\/\/www.medicatequila.com o cualquier otro medio de comunicaci\u00f3n verbal, impreso o electr\u00f3nico que Grupo Medica Tequila SA de CV &nbsp;determine para tal efecto. Declaro bajo protesta de decir verdad que he le\u00eddo en su totalidad este Aviso de Privacidad y entiendo plenamente su alcance y contenido. Por medio del presente otorgo mi consentimiento para que Hospitales \u00c1ngeles trate mis datos personales de acuerdo a este Aviso de Privacidad. De igual forma expresamente consiento el tratamiento por Grupo Medica Tequila SA de CV&nbsp; de mis datos personales sensibles y la transferencia de mis datos personales. Asimismo, consiento expresamente el tratamiento de mi informaci\u00f3n (datos personales) para las \u201cFinalidades Distintas\u201d, descritas en el inciso b) de la secci\u00f3n \u201cFINALIDAD DEL TRATAMIENTO DE LOS DATOS PERSONALES\u201d.<\/p>\n<p>Nombre:_____________________________________________________<\/p>\n<p>Firma::_ _____________________________________________________<\/p>\n<p>Fecha:\u00a0 _____________________________________________________<\/p><\/p>\n<\/div>\n\t<\/div>\n<\/div>\n\t<\/div>\n<\/div>\n\t<\/div>\n\t\t<\/div>\n\t<\/div>\n<\/div>\n<\/div>","protected":false},"excerpt":{"rendered":"<p>Leer aviso Suggested text: When visitors leave comments on the site we collect the data shown in the comments form, and also the visitor\u2019s IP address and browser user agent string to help spam detection. AVISO DE PRIVACIDAD. RESPONSABLE DEL TRATAMIENTO DE DATOS PERSONALES GRUPO MEDICA TEQUILA, S.A. DE C.V. , con domicilio en Carretera &hellip;<\/p>\n<p class=\"read-more\"> <a class=\"\" href=\"https:\/\/medicatequila.com\/?page_id=3\"> <span class=\"screen-reader-text\">Aviso de privacidad<\/span> Leer m\u00e1s &raquo;<\/a><\/p>\n","protected":false},"author":1,"featured_media":0,"parent":0,"menu_order":0,"comment_status":"closed","ping_status":"closed","template":"","meta":{"om_disable_all_campaigns":false,"_monsterinsights_skip_tracking":false,"_monsterinsights_sitenote_active":false,"_monsterinsights_sitenote_note":"","_monsterinsights_sitenote_category":0,"site-sidebar-layout":"default","site-content-layout":"default","ast-main-header-display":"","ast-hfb-above-header-display":"","ast-hfb-below-header-display":"","ast-hfb-mobile-header-display":"","site-post-title":"","ast-breadcrumbs-content":"","ast-featured-img":"","footer-sml-layout":"","theme-transparent-header-meta":"","adv-header-id-meta":"","stick-header-meta":"","header-above-stick-meta":"","header-main-stick-meta":"","header-below-stick-meta":"","footnotes":""},"class_list":["post-3","page","type-page","status-publish","hentry"],"_links":{"self":[{"href":"https:\/\/medicatequila.com\/index.php?rest_route=\/wp\/v2\/pages\/3","targetHints":{"allow":["GET"]}}],"collection":[{"href":"https:\/\/medicatequila.com\/index.php?rest_route=\/wp\/v2\/pages"}],"about":[{"href":"https:\/\/medicatequila.com\/index.php?rest_route=\/wp\/v2\/types\/page"}],"author":[{"embeddable":true,"href":"https:\/\/medicatequila.com\/index.php?rest_route=\/wp\/v2\/users\/1"}],"replies":[{"embeddable":true,"href":"https:\/\/medicatequila.com\/index.php?rest_route=%2Fwp%2Fv2%2Fcomments&post=3"}],"version-history":[{"count":5,"href":"https:\/\/medicatequila.com\/index.php?rest_route=\/wp\/v2\/pages\/3\/revisions"}],"predecessor-version":[{"id":490,"href":"https:\/\/medicatequila.com\/index.php?rest_route=\/wp\/v2\/pages\/3\/revisions\/490"}],"wp:attachment":[{"href":"https:\/\/medicatequila.com\/index.php?rest_route=%2Fwp%2Fv2%2Fmedia&parent=3"}],"curies":[{"name":"wp","href":"https:\/\/api.w.org\/{rel}","templated":true}]}}