{"id":521,"date":"2022-01-25T06:04:23","date_gmt":"2022-01-25T06:04:23","guid":{"rendered":"http:\/\/medicatequila.com\/?page_id=521"},"modified":"2023-01-01T05:24:51","modified_gmt":"2023-01-01T05:24:51","slug":"521-2","status":"publish","type":"page","link":"https:\/\/medicatequila.com\/?page_id=521","title":{"rendered":"Examenes laboratorio"},"content":{"rendered":"<div class=\"fl-builder-content fl-builder-content-521\" data-post-id=\"521\"><div class=\"fl-row fl-row-full-width fl-row-bg-photo fl-node-k3bwyf4ch9jm fl-row-bg-overlay\" data-node=\"k3bwyf4ch9jm\">\n\t<div class=\"fl-row-content-wrap\">\n\t\t\t\t\t\t<div class=\"fl-row-content fl-row-fixed-width fl-node-content\">\n\t\t\n<div class=\"fl-col-group fl-node-q658petmku40 fl-col-group-equal-height fl-col-group-align-center fl-col-group-custom-width\" data-node=\"q658petmku40\">\n\t\t\t<div class=\"fl-col fl-node-2m4a5n8l7vhd\" data-node=\"2m4a5n8l7vhd\">\n\t<div class=\"fl-col-content fl-node-content\">\n\t<div class=\"fl-module fl-module-heading fl-node-k1z27o8cxuvd\" data-node=\"k1z27o8cxuvd\">\n\t<div class=\"fl-module-content fl-node-content\">\n\t\t<h1 class=\"fl-heading\">\n\t\t<span class=\"fl-heading-text\">EXAMENES DE LABORATORIO<\/span>\n\t<\/h1>\n\t<\/div>\n<\/div>\n<div class=\"fl-module fl-module-rich-text fl-node-5kw31sepigzt\" data-node=\"5kw31sepigzt\">\n\t<div class=\"fl-module-content fl-node-content\">\n\t\t<div class=\"fl-rich-text\">\n\t<p>CONFIANZA Y PRECISION PARA UN<\/p>\n<p>DIAGNOSTICO ADECUADO<\/p>\n<\/div>\n\t<\/div>\n<\/div>\n\t<\/div>\n<\/div>\n\t\t\t<div class=\"fl-col fl-node-6wqadinvr59o fl-col-small\" data-node=\"6wqadinvr59o\">\n\t<div class=\"fl-col-content fl-node-content\">\n\t\t<\/div>\n<\/div>\n\t<\/div>\n\t\t<\/div>\n\t<\/div>\n<\/div>\n<div class=\"fl-row fl-row-full-width fl-row-bg-none fl-node-38n5y7eit2bj\" data-node=\"38n5y7eit2bj\">\n\t<div class=\"fl-row-content-wrap\">\n\t\t\t\t\t\t<div class=\"fl-row-content fl-row-fixed-width fl-node-content\">\n\t\t\n<div class=\"fl-col-group fl-node-uk2rszngl3pm\" data-node=\"uk2rszngl3pm\">\n\t\t\t<div class=\"fl-col fl-node-grneuh7txljv\" data-node=\"grneuh7txljv\">\n\t<div class=\"fl-col-content fl-node-content\">\n\t<div class=\"fl-module fl-module-heading fl-node-sd8hnrx967ml\" data-node=\"sd8hnrx967ml\">\n\t<div class=\"fl-module-content fl-node-content\">\n\t\t<h2 class=\"fl-heading\">\n\t\t<span class=\"fl-heading-text\">Contamos con los siguientes estudios<\/span>\n\t<\/h2>\n\t<\/div>\n<\/div>\n<div class=\"fl-module fl-module-rich-text fl-node-e0bio8x91yzh\" data-node=\"e0bio8x91yzh\">\n\t<div class=\"fl-module-content fl-node-content\">\n\t\t<div class=\"fl-rich-text\">\n\t<\/div>\n\t<\/div>\n<\/div>\n\t<\/div>\n<\/div>\n\t<\/div>\n\n<div class=\"fl-col-group fl-node-cmq1lod2se3y fl-col-group-custom-width\" data-node=\"cmq1lod2se3y\">\n\t\t\t<div class=\"fl-col fl-node-m193esl0jkw4 fl-col-small\" data-node=\"m193esl0jkw4\">\n\t<div class=\"fl-col-content fl-node-content\">\n\t<div class=\"fl-module fl-module-rich-text fl-node-gbc8xilzfkt6\" data-node=\"gbc8xilzfkt6\">\n\t<div class=\"fl-module-content fl-node-content\">\n\t\t<div class=\"fl-rich-text\">\n\t<p><strong>Biometr\u00eda Hem\u00e1tica.<\/strong><\/p>\n<\/div>\n\t<\/div>\n<\/div>\n<div class=\"fl-module fl-module-rich-text fl-node-o0awmc56tg1q\" data-node=\"o0awmc56tg1q\">\n\t<div class=\"fl-module-content fl-node-content\">\n\t\t<div class=\"fl-rich-text\">\n\t<p><strong>Qu\u00edmica Sangu\u00ednea<\/strong><\/p>\n<\/div>\n\t<\/div>\n<\/div>\n<div class=\"fl-module fl-module-rich-text fl-node-nljpdc2v8os9\" data-node=\"nljpdc2v8os9\">\n\t<div class=\"fl-module-content fl-node-content\">\n\t\t<div class=\"fl-rich-text\">\n\t<p><strong>Examen de Orina<\/strong><\/p>\n<\/div>\n\t<\/div>\n<\/div>\n<div class=\"fl-module fl-module-rich-text fl-node-f24sgbknid3t\" data-node=\"f24sgbknid3t\">\n\t<div class=\"fl-module-content fl-node-content\">\n\t\t<div class=\"fl-rich-text\">\n\t<p><b>Ant\u00edgeno\u00a0prost\u00e1tico.\u00a0<\/b><\/p>\n<\/div>\n\t<\/div>\n<\/div>\n<div class=\"fl-module fl-module-rich-text fl-node-ezo4ypg17l0s\" data-node=\"ezo4ypg17l0s\">\n\t<div class=\"fl-module-content fl-node-content\">\n\t\t<div class=\"fl-rich-text\">\n\t<p><strong>Hb glucosilada<\/strong><\/p>\n<\/div>\n\t<\/div>\n<\/div>\n<div class=\"fl-module fl-module-rich-text fl-node-x7sb6j5wclyo\" data-node=\"x7sb6j5wclyo\">\n\t<div class=\"fl-module-content fl-node-content\">\n\t\t<div class=\"fl-rich-text\">\n\t<p><strong>Albumina<\/strong><\/p>\n<\/div>\n\t<\/div>\n<\/div>\n<div class=\"fl-module fl-module-rich-text fl-node-xqbajd2rce63\" data-node=\"xqbajd2rce63\">\n\t<div class=\"fl-module-content fl-node-content\">\n\t\t<div class=\"fl-rich-text\">\n\t<p><strong>Proteina C reactiva<\/strong><\/p>\n<\/div>\n\t<\/div>\n<\/div>\n<div class=\"fl-module fl-module-rich-text fl-node-tkpuvmesaj9b\" data-node=\"tkpuvmesaj9b\">\n\t<div class=\"fl-module-content fl-node-content\">\n\t\t<div class=\"fl-rich-text\">\n\t<p><strong>Muchos estudios mas, pregunta por ellos.<\/strong><\/p>\n<\/div>\n\t<\/div>\n<\/div>\n\t<\/div>\n<\/div>\n\t\t\t<div class=\"fl-col fl-node-vkz5fjwby4no fl-col-small\" data-node=\"vkz5fjwby4no\">\n\t<div class=\"fl-col-content fl-node-content\">\n\t<div class=\"fl-module fl-module-rich-text fl-node-o8y2gdkn1z05\" data-node=\"o8y2gdkn1z05\">\n\t<div class=\"fl-module-content fl-node-content\">\n\t\t<div class=\"fl-rich-text\">\n\t<p><b>Perfil de L\u00edpidos.<\/b><\/p>\n<\/div>\n\t<\/div>\n<\/div>\n<div class=\"fl-module fl-module-rich-text fl-node-78zdniu9rwhj\" data-node=\"78zdniu9rwhj\">\n\t<div class=\"fl-module-content fl-node-content\">\n\t\t<div class=\"fl-rich-text\">\n\t<p><strong>Funci\u00f3n Hep\u00e1tica<\/strong><\/p>\n<\/div>\n\t<\/div>\n<\/div>\n<div class=\"fl-module fl-module-rich-text fl-node-as9i7mrp6g1w\" data-node=\"as9i7mrp6g1w\">\n\t<div class=\"fl-module-content fl-node-content\">\n\t\t<div class=\"fl-rich-text\">\n\t<p><strong>Pruebas COVID<\/strong><\/p>\n<\/div>\n\t<\/div>\n<\/div>\n<div class=\"fl-module fl-module-rich-text fl-node-ihxuk1qjst2p\" data-node=\"ihxuk1qjst2p\">\n\t<div class=\"fl-module-content fl-node-content\">\n\t\t<div class=\"fl-rich-text\">\n\t<p><strong>Enzimas Cardiacas<\/strong><\/p>\n<\/div>\n\t<\/div>\n<\/div>\n<div class=\"fl-module fl-module-rich-text fl-node-oczj3axl6gfs\" data-node=\"oczj3axl6gfs\">\n\t<div class=\"fl-module-content fl-node-content\">\n\t\t<div class=\"fl-rich-text\">\n\t<p><strong>Electrolitos.<\/strong><\/p>\n<\/div>\n\t<\/div>\n<\/div>\n<div class=\"fl-module fl-module-rich-text fl-node-5qx0rlb6wtke\" data-node=\"5qx0rlb6wtke\">\n\t<div class=\"fl-module-content fl-node-content\">\n\t\t<div class=\"fl-rich-text\">\n\t<p><strong>Dimero D<\/strong><\/p>\n<\/div>\n\t<\/div>\n<\/div>\n<div class=\"fl-module fl-module-rich-text fl-node-d16acnzei0u3\" data-node=\"d16acnzei0u3\">\n\t<div class=\"fl-module-content fl-node-content\">\n\t\t<div class=\"fl-rich-text\">\n\t<p><strong>Hierro<\/strong><\/p>\n<\/div>\n\t<\/div>\n<\/div>\n\t<\/div>\n<\/div>\n\t<\/div>\n\t\t<\/div>\n\t<\/div>\n<\/div>\n<\/div>","protected":false},"excerpt":{"rendered":"<p>EXAMENES DE LABORATORIO CONFIANZA Y PRECISION PARA UN DIAGNOSTICO ADECUADO Contamos con los siguientes estudios Biometr\u00eda Hem\u00e1tica. Qu\u00edmica Sangu\u00ednea Examen de Orina Ant\u00edgeno\u00a0prost\u00e1tico.\u00a0 Hb glucosilada Albumina Proteina C reactiva Muchos estudios mas, pregunta por ellos. Perfil de L\u00edpidos. Funci\u00f3n Hep\u00e1tica Pruebas COVID Enzimas Cardiacas Electrolitos. Dimero D Hierro<\/p>\n","protected":false},"author":1,"featured_media":0,"parent":0,"menu_order":0,"comment_status":"closed","ping_status":"closed","template":"","meta":{"om_disable_all_campaigns":false,"_monsterinsights_skip_tracking":false,"_monsterinsights_sitenote_active":false,"_monsterinsights_sitenote_note":"","_monsterinsights_sitenote_category":0,"site-sidebar-layout":"default","site-content-layout":"default","ast-main-header-display":"","ast-hfb-above-header-display":"","ast-hfb-below-header-display":"","ast-hfb-mobile-header-display":"","site-post-title":"","ast-breadcrumbs-content":"","ast-featured-img":"","footer-sml-layout":"","theme-transparent-header-meta":"","adv-header-id-meta":"","stick-header-meta":"","header-above-stick-meta":"","header-main-stick-meta":"","header-below-stick-meta":"","footnotes":""},"class_list":["post-521","page","type-page","status-publish","hentry"],"_links":{"self":[{"href":"https:\/\/medicatequila.com\/index.php?rest_route=\/wp\/v2\/pages\/521","targetHints":{"allow":["GET"]}}],"collection":[{"href":"https:\/\/medicatequila.com\/index.php?rest_route=\/wp\/v2\/pages"}],"about":[{"href":"https:\/\/medicatequila.com\/index.php?rest_route=\/wp\/v2\/types\/page"}],"author":[{"embeddable":true,"href":"https:\/\/medicatequila.com\/index.php?rest_route=\/wp\/v2\/users\/1"}],"replies":[{"embeddable":true,"href":"https:\/\/medicatequila.com\/index.php?rest_route=%2Fwp%2Fv2%2Fcomments&post=521"}],"version-history":[{"count":11,"href":"https:\/\/medicatequila.com\/index.php?rest_route=\/wp\/v2\/pages\/521\/revisions"}],"predecessor-version":[{"id":702,"href":"https:\/\/medicatequila.com\/index.php?rest_route=\/wp\/v2\/pages\/521\/revisions\/702"}],"wp:attachment":[{"href":"https:\/\/medicatequila.com\/index.php?rest_route=%2Fwp%2Fv2%2Fmedia&parent=521"}],"curies":[{"name":"wp","href":"https:\/\/api.w.org\/{rel}","templated":true}]}}